factor of 5550?
True
Is 282158 even?
True
Does 103 divide 116459?
False
Does 60 divide 40666140?
True
Does 261 divide 7914564?
True
Is 109119 a multiple of 6?
False
Is 8 a factor of 112736?
True
Is 70285 a multiple of 28?
False
Is 312 a factor of 170352?
True
Is 1015 a factor of 5168380?
True
Is 93920 a multiple of 32?
True
Is 21643695 a multiple of 15?
True
Is 15 a factor of 704370?
True
Is 332774 a multiple of 26?
True
Does 155 divide 319765?
True
Does 8 divide 501524?
False
Does 9 divide 4056958?
False
Does 98 divide 599893?
False
Does 225 divide 3133326?
False
Is 1455316 a multiple of 76?
False
Does 41 divide 310760?
False
Is 14 a factor of 4897650?
False
Is 7368196 a multiple of 151?
True
Is 1170 a factor of 10144207?
False
Is 113 a factor of 1768762?
False
Is 209454 a multiple of 4?
False
Is 601 a factor of 1054755?
True
Is 188 a factor of 1318632?
True
Is 5900755 a multiple of 119?
False
Does 111 divide 2868351?
True
Does 129 divide 1170933?
True
Is 2231187 a multiple of 41?
False
Does 87 divide 71533?
False
Is 2383957 a multiple of 17?
False
Does 70 divide 354153?
False
Is 16 a factor of 8381681?
False
Is 148 a factor of 358257?
False
Is 202 a factor of 838906?
True
Does 430 divide 693122?
False
Is 30927735 a multiple of 12?
False
Does 14 divide 3075211?
False
Is 218 a factor of 19137566?
True
Is 475 a factor of 121191?
False
Is 1588572 a multiple of 81?
True
Is 89 a factor of 541870?
False
Is 300 a factor of 657352?
False
Does 6 divide 212832?
True
Does 841 divide 3845779?
False
Does 166 divide 163344?
True
Is 48796 a multiple of 125?
False
Is 78840 a multiple of 438?
True
Is 15 a factor of 16948571?
False
Is 14720 a multiple of 23?
True
Is 82 a factor of 173487?
False
Is 421466 a multiple of 359?
True
Is 3314226 a multiple of 720?
False
Does 15 divide 1256993?
False
Is 5094516 a multiple of 84?
True
Is 15 a factor of 514665?
True
Does 846 divide 5444047?
False
Is 70 a factor of 869890?
True
Does 512 divide 539495?
False
Does 236 divide 415124?
True
Is 79 a factor of 49849?
True
Is 18 a factor of 289975?
False
Does 230 divide 1207290?
False
Is 37 a factor of 63825?
True
Does 149 divide 145532?
False
Does 60 divide 281220?
True
Is 30602420 a multiple of 937?
True
Does 13 divide 2372900?
False
Does 364 divide 1571978?
False
Is 5 a factor of 7950?
True
Does 18 divide 458622?
True
Is 1122929 a multiple of 14?
False
Is 45 a factor of 328725?
True
Is 17 a factor of 836621?
True
Is 53 a factor of 31641?
True
Is 339 a factor of 8216010?
False
Is 93430 a multiple of 13?
False
Does 252 divide 6758136?
True
Does 561 divide 609807?
True
Does 72 divide 522039?
False
Is 62 a factor of 647590?
True
Does 25 divide 334200?
True
Is 2099099 a multiple of 82?
False
Does 324 divide 180074?
False
Is 153 a factor of 77455?
False
Is 6077918 a multiple of 854?
True
Does 362 divide 2099962?
True
Does 10 divide 2641490?
True
Does 16 divide 256832?
True
Is 82677 a multiple of 127?
True
Does 14 divide 1417091?
False
Is 44 a factor of 661408?
True
Is 70048 a multiple of 22?
True
Does 12 divide 10776?
True
Is 11 a factor of 16773577?
False
Does 265 divide 37100?
True
Is 132 a factor of 8218766?
False
Is 12682 a multiple of 9?
False
Does 37 divide 7600?
False
Is 23 a factor of 12443?
True
Is 105 a factor of 227325?
True
Does 208 divide 56257?
False
Is 17 a factor of 9244?
False
Does 83 divide 152066?
False
Is 9 a factor of 609417?
True
Does 134 divide 138608?
False
Is 72000 a multiple of 80?
True
Is 5 a factor of 9775?
True
Does 12 divide 981552?
True
Is 27322090 a multiple of 33?
False
Is 50 a factor of 3326?
False
Does 41 divide 75645?
True
Is 40 a factor of 197658?
False
Is 4234400 a multiple of 10?
True
Does 30 divide 3909461?
False
Does 5 divide 3187400?
True
Is 584726 a multiple of 31?
False
Does 72 divide 2088302?
False
Is 343 a factor of 193959?
False
Is 1626697 a multiple of 1056?
False
Does 10 divide 2995600?
True
Is 13 a factor of 115713?
True
Is 30 a factor of 193849?
False
Does 51 divide 1369044?
True
Is 9 a factor of 3389?
False
Is 12 a factor of 711035?
False
Is 309280 a multiple of 32?
True
Does 22 divide 11048665?
False
Is 2363 a factor of 27082343?
True
Is 28539 a multiple of 71?
False
Does 207 divide 251919?
True
Does 147 divide 331750?
False
Does 8 divide 661712?
True
Is 929 a factor of 6838369?
True
Is 62600 a multiple of 97?
False
Does 73 divide 575532?
True
Is 7 a factor of 271754?
True
Is 9029 a multiple of 18?
False
Does 444 divide 63360?
False
Is 246 a factor of 2654832?
True
Does 258 divide 2594713?
False
Is 5924880 a multiple of 720?
True
Is 227448 a multiple of 8?
True
Is 6532625 a multiple of 25?
True
Is 15293165 a multiple of 857?
True
Is 2 a factor of 187482?
True
Is 134 a factor of 251116?
True
Is 78 a factor of 235404?
True
Does 266 divide 73780?
False
Is 165140 a multiple of 10?
True
Is 56 a factor of 2662240?
True
Is 3 a factor of 414155?
False
Is 38166 a multiple of 22?
False
Does 66 divide 115571?
False
Is 506950 a multiple of 45?
False
Is 2 a factor of 12590?
True
Is 41268 a multiple of 38?
True
Is 9 a factor of 85549?
False
Is 13 a factor of 8251100?
True
Does 25 divide 1564850?
True
Does 157 divide 235814?
True
Is 472884 a multiple of 314?
True
Is 227 a factor of 236307?
True
Does 787 divide 732924?
False
Is 28 a factor of 59164?
True
Does 8 divide 10244?
False
Does 8 divide 243900?
False
Is 3715639 a multiple of 1574?
False
Is 100 a factor of 4842000?
True
Is 10 a factor of 5889182?
False
Does 206 divide 264298?
True
Is 43 a factor of 682281?
True
Does 3 divide 48635?
False
Is 205547 a multiple of 17?
True
Is 1342758 a multiple of 58?
True
Does 28 divide 1214679?
False
Does 76 divide 524064?
False
Is 316 a factor of 302953?
False
Is 21891801 a multiple of 47?
True
Does 148 divide 119281?
False
Is 51 a factor of 12716646?
True
Is 610199 a multiple of 74?
False
Is 1630164 a multiple of 262?
True
Is 6 a factor of 231942?
True
Is 27 a factor of 93771?
True
Does 21 divide 214325?
False
Is 194255 a multiple of 5?
True
Does 105 divide 7980630?
True
Is 62345 a multiple of 43?
False
Is 188028 a multiple of 18?
True
Does 1253 divide 2319303?
True
Is 1025856 a multiple of 548?
True
Is 11840705 a multiple of 1103?
True
Does 1483 divide 5159357?
True
Is 153 a factor of 4573629?
True
Does 4 divide 282612?
True
Does 50 divide 702575?
False
Does 75 divide 2294458?
False
Is 7619716 a multiple of 41?
False
Is 1013319 a multiple of 9?
True
Is 94 a factor of 3094574?
True
Is 110 a factor of 133870?
True
Is 3883998 a multiple of 74?
False
Does 1610 divide 5683300?
True
Is 1700001 a multiple of 33?
False
Is 609 a factor of 12186684?
False
Is 1133808 a multiple of 78?
True
Is 13 a factor of 265161?
True
Does 20 divide 7069980?
True
Is 189 a factor of 47146?
False
Is 1113034 a multiple of 114?
False
Is 149460 a multiple of 47?
True
Does 319 divide 987985?
False
Is 53 a factor of 1152538?
True
Is 11 a factor of 44586?
False
Does 18 divide 69174?
True
Does 188 divide 1429928?
True
Is 4612986 a multiple of 52?
False
Is 63 a factor of 8329?
False
Does 5 divide 62157?
False
Is 79524 a multiple of 9?
True
Is 832592 a multiple of 68?
True
Is 402872 a multiple of 50?
False
Is 279477 a multiple of 34?
False
Is 246184 a multiple of 6?
False
Does 640 divide 4652358?
False
Is 288 a factor of 824544?
True
Is 5384291 a multiple of 11?
True
Does 337 divide 7712345?
False
Is 7057 a multiple of 6?
False
Is 1252460 a multiple of 5?
True
Does 33 divide 297061?
False
Does 202 divide 23762?
False
Is 17 a factor of 310905?
False
Does 241 divide 5441792?
False
Is 68 a factor of 53652?
True
Does 921 divide 9210000?
True
Is 123295 even?
False
Is 21049 a multiple of 217?
True
Is 42784 a multiple of 4?
True
Is 14841 a multiple of 4?
False
Does 6 divide 4415?
False
Is 459164 a multiple of 764?
True
Is 2145879 a multiple of 120?
False
Does 30 divide 297014?
False
Is 317302 a multiple of 118?
True
Is 4362995 a multiple of 42?
False
Does 358 divide 18116232?
True
Does 62 divide 1518070?
True
Is 131604 a multiple of 6?
True
Is 14746 a multiple of 9?
False
Is 1817428 a multiple of 36?
False
Is 338 a factor of 397199?
False
Is 57 a factor of 1355192?
False
Is 113 a factor of 146333?
False
Is 1479956 a multiple of 236?
True
Is 36680 a multiple of 20?
True
Is 308500 a multiple o